 is the hundreds digit of w?
2
Suppose -3*s + 11817 = 3*k, -51*k - 3*s - 15777 = -55*k. What is the units digit of k?
2
What is the tens digit of (-6)/(-9) + (6187490/30)/17?
3
Let w = 433 - 427. Suppose 12213 = 17*f + w*f. What is the tens digit of f?
3
Suppose 0 = -2*n + 8*n - 6. Suppose -4*r - 2*p - 4 = -2*r, 4*r = 5*p + n. What is the tens digit of ((-14)/(-35))/(r/(-190))?
7
Let v(n) be the third derivative of -2*n**4/3 - 95*n**3/6 - 4*n**2 - 16*n. What is the tens digit of v(-21)?
4
Let j = -37 - -40. Suppose j*m + 5 + 7 = 0. Let r = m - -34. What is the units digit of r?
0
Let x(n) = -7*n + 79. Let q be -14*5/2 - 60/(-60). What is the hundreds digit of x(q)?
3
Suppose 0 = 8*n - 97 - 23. Suppose 4*j - n = -j. Let a(g) = 22*g - 1. What is the units digit of a(j)?
5
What is the tens digit of (-4)/(-7) - 249215/(-35)?
2
Suppose 689*m = l + 686*m - 31676, 15 = 3*m. What is the ten thousands digit of l?
3
Let o = 1637 - 3501. Let h = 2654 + o. What is the hundreds digit of h?
7
Let w(c) = 3*c + 19. Let v(i) be the second derivative of -i**3/6 - 3*i**2 + 10*i. Let q(z) = 8*v(z) + 3*w(z). What is the units digit of q(-4)?
5
Let w(p) = 30*p**3 - 4*p + 1. Let o be w(2). Suppose -2*q + o = -45. What is the hundreds digit of q?
1
Let d(w) = -11*w + 23. Let t(p) = -5*p + 12. Let n(q) = 3*d(q) - 7*t(q). Let m be n(15). Let j = 24 + m. What is the units digit of j?
9
What is the units digit of ((-8)/(-20))/(((-403)/208650)/(-31))?
0
Let v be (1/2)/((-1)/(-4)). Suppose -v*b = -3*h - 0*h + 754, -3*b = -5*h + 1257. Suppose 3*r + 0*r = h. What is the tens digit of r?
8
Suppose 738 - 6738 = -3*v. Suppose 16756 = 9*n - v. What is the tens digit of n?
8
Suppose -1953 = 190*m - 193*m. Let k = 1083 - m. What is the hundreds digit of k?
4
Let w(x) = 21*x + 54. Let f be -2 + 60/4 + 7. What is the units digit of w(f)?
4
Let w(b) = b**3 - 4*b**2 + 57*b - 2. Suppose -y = -0*o - 2*o - 4, -4 = -4*o. What is the units digit of w(y)?
2
What is the hundreds digit of (459/85 + -5)/(2/45310)?
0
Suppose 4*i - 11 - 5 = 0. Suppose 2*a + 215 = 5*k - 3*a, 0 = 3*k + i*a - 150. Suppose 5*l - k - 119 = 0. What is the tens digit of l?
3
Suppose 69*g - 3678 = 63*g. Let n = g + -294. What is the tens digit of n?
1
Suppose 27*j + 2553 = 4445 + 7720. What is the tens digit of j?
5
Let d = 33181 - -7811. What is the tens digit of d?
9
Suppose 2*f = 2*l, 0 = -9*f + 7*f - l - 3. Let d be 5 - (-5)/f - -445. Let i = d + -226. What is the tens digit of i?
1
Let c(r) = -21*r + 24. Let v be c(-8). Let t be v/(-10) + 4/20. Let l = 28 + t. What is the units digit of l?
9
Let a(b) = -2610*b + 228. What is the hundreds digit of a(-8)?
1
Let k(y) = 3274*y - 3297. What is the tens digit of k(14)?
3
Let m = 6668 - 1683. What is the tens digit of m?
8
Suppose 9 = -24*a + 21*a, -4*c - 4*a = 16. Let b(m) = -366*m**3 - m**2 - 4*m - 1. What is the hundreds digit of b(c)?
3
Let g = 8417 - 6259. What is the units digit of g?
8
What is the thousands digit of 1*((-362430)/(-14) + 112/98)?
5
What is the units digit of (-665652)/65*(-4 + (-6)/(-9))?
6
Suppose 37*g - 245215 = 154681. What is the thousands digit of g?
0
Let c(z) = -29*z + 8. Let w be c(-2). Let h = -59 + w. Suppose -h*a + 4*a + 486 = 0. What is the hundreds digit of a?
1
Let y(c) = -c**3 - c**2 - c. Let m(h) = -6*h**3 - 2*h**2 - 6*h + 27. Let u(x) = m(x) - 4*y(x). What is the tens digit of u(-5)?
3
What is the hundreds digit of ((-8480)/318)/(0 + 1/(-459))?
2
Let m(o) = -2*o**2 + 50*o - 92. Let y be m(23). Suppose 8*x = -y*x + 776. What is the units digit of x?
7
Suppose 4*d + 2*x - 5*x - 5286 = 0, 3954 = 3*d + 3*x. Let y = d + -765. What is the units digit of y?
5
What is the tens digit of (-80)/64*8 + 16422?
1
Let v(a) = -219*a**3 + a**2 - a - 1. Let w(s) = -s - 18. Let i be w(-17). What is the hundreds digit of v(i)?
2
Let g(v) = -13*v - 49. Let f be g(-4). Suppose 3*u = f*q + 264, -3*u + q + 128 = -132. What is the tens digit of u?
8
Let c be (2/4 + 1)/(6/8). Suppose 2*o - c*l = -4 - 4, -2*l = -3*o - 12. What is the units digit of 2/1 - 2/o*238?
1
Suppose 0 = -3*j + 3, -2*h - j = -6133. Suppose 0 = -4*b - 2*c + h, b = -4*b + c + 3850. What is the tens digit of b?
6
Let j = -13 + 17. Let o be (-774)/162 - j/18. Let x(v) = 2*v**2 + 3*v - 15. What is the tens digit of x(o)?
2
Suppose -2*o = -2*t + o + 2919, -t = 4*o - 1476. Suppose -4*z + 5*v = -0*z - t, 0 = 5*z + v - 1830. What is the tens digit of z?
6
Let a = 307 - 304. Suppose 297 = 2*t + d, 4*t - 313 - 282 = -a*d. What is the units digit of t?
8
Let i = -2978 + 7946. What is the units digit of i?
8
Let q = -232 + 234. Suppose -3*k = -q*k - h - 149, -608 = -4*k - 2*h. What is the tens digit of k?
5
Suppose 0 = -3*x + 18, -26210 = -5*l - 4*x + 10204. What is the thousands digit of l?
7
Let p(z) = 4*z + 126. Let x be p(-32). Let i(k) = 46*k**2 + 7*k + 7. What is the tens digit of i(x)?
7
Let m = 196 + -181. What is the tens digit of (-3)/(-15) + 5607/m?
7
Suppose 13*a - 33*a + 16*a = -62868. What is the units digit of a?
7
Suppose a - 1491 = 3*o, -2*o + 2*a = -78 + 1072. What is the tens digit of -2 + 3 - (o - -22)?
7
Let o(y) = 9*y**3 + 3*y**2 - 12*y - 19. Let d be o(6). Suppose -2*w = -3*k + k + 1284, -3*k = 4*w - d. What is the tens digit of k?
4
Let o be 2/4*(-48 - -49)*4. Suppose -n - o = 0, 2*a = -2*n + 1150 + 636. What is the units digit of a?
5
Let g(f) = 11*f**2 + 2*f + 4 - 9*f**2 - 22. Let m be g(5). Suppose m = -h + 4*h. What is the units digit of h?
4
Let k(m) = -753*m + 1509*m + 109 - 754*m + m**2. Let d = -3 - -3. What is the hundreds digit of k(d)?
1
Let s = 3213 - -1203. What is the hundreds digit of s?
4
Let a = -117 - 71. Let c = a - -406. Suppose 3*v + 8*l = 11*l + 309, -2*v - 2*l + c = 0. What is the hundreds digit of v?
1
Suppose -3236 = -7*j + 3*j. Suppose 5*a + 10 + 5 = 0, 4*h + a = j. Let y = 339 - h. What is the units digit of y?
6
Let c(l) = -181*l - 404. Let f(g) = -36*g - 81. Let i(r) = -2*c(r) + 11*f(r). What is the hundreds digit of i(-10)?
2
Suppose q = -4*q + 15. Let j be (4 - (-26)/(-6)) + 1/q. Suppose -2*t = j, -4*y + 4*t = -t - 620. What is the hundreds digit of y?
1
Let y(h) = -28*h**3 - 2*h**2 + 30*h + 264. What is the thousands digit of y(-8)?
4
Suppose 17*a = 6*a + 528. Let i = a + 196. What is the units digit of i?
4
Let p(t) = t**3 - 5*t**2 + 11*t - 24. Let d be p(4). Suppose d*i = 4*z + 5916, -i = -5*z - 1945 + 482. What is the units digit of i?
3
Suppose -2*p = 2*i - 14018, 2*i - 222*p + 219*p - 14038 = 0. What is the tens digit of i?
1
Suppose 95*x - 100*x + 77324 = 3*a, 4*a = -2*x + 30924. What is the hundreds digit of x?
4
Suppose -13*n - 10936 + 731 = 0. Let i = n - -1842. What is the tens digit of i?
5
Let m(k) = 141*k + 7. Let t(b) = 563*b + 28. Let d(c) = -9*m(c) + 2*t(c). What is the tens digit of d(-2)?
7
Let v = 7 - 10. Let f be -11*2/v*12. Suppose -x + 0*x = -f. What is the tens digit of x?
8
Suppose -763686 = 2077*m - 2098*m. What is the tens digit of m?
6
Let y(t) = 68*t - 442. Let j be ((-4)/5)/((-28)/420). What is the hundreds digit of y(j)?
3
Let s(l) = 6*l**3 + 6*l**2 + 3*l - 1. Let t be s(-2). What is the tens digit of 866/4*(t - -35)?
6
Suppose 3*b = u - 4, -u + 11 - 2 = 2*b. Let g be 2 + 12/(-7) - 2/u. Suppose 2*v + 4*z - 5*z - 82 = g, z = 4*v - 164. What is the tens digit of v?
4
Suppose 350*o = 387*o - 448309 - 149056. What is the ten thousands digit of o?
1
Suppose 2*g - 3*s = 12039 - 1793, -2*g + 10246 = 5*s. What is the hundreds digit of g?
1
Suppose -4002 = -4*s + 2*y + 3*y, s - 1005 = -y. Let u = -556 + s. What is the hundreds digit of u?
4
Let b = 204 - 341. What is the tens digit of (-3)/9 - 30/18*b?
2
Suppose -105844 - 51791 = -30*v + 7575. What is the units digit of v?
7
Let r = -486 + 4094. What is the thousands digit of r?
3
Let c(r) = 816*r**3 + 9*r**2 - 9*r - 16. Let l(d) = 814*d**3 + 8*d**2 - 8*d - 14. Let v(z) = 6*c(z) - 7*l(z). What is the tens digit of v(-1)?
0
Suppose 351 = 13*u + 26. What is the units digit of u*(4 - -5 - -61)?
0
Suppose 0 = 14*n - 32*n + 124722. What is the tens digit of n?
2
Let k be 6 - (-87)/(-15) - (-42)/15. Suppose 0*l - 1584 = -4*l + k*i, 0 = -2*i. What is the hundreds digit of l?
3
Let j(z) = -z**3 + 13*z**2 - 4*z + 7. Let m be j(13). Let i = 50 + m. Suppose -132 = -5*w + w - r, -